by 7167.
10
Calculate the remainder when 1927061 is divided by 47000.
61
Calculate the remainder when 291800 is divided by 337.
295
Calculate the remainder when 2533394 is divided by 86.
6
Calculate the remainder when 625428 is divided by 156295.
248
Calculate the remainder when 4339174 is divided by 53.
11
What is the remainder when 22076952 is divided by 151?
148
Calculate the remainder when 326717 is divided by 3051.
260
Calculate the remainder when 16476249 is divided by 1185.
9
What is the remainder when 26704848 is divided by 21044?
12
What is the remainder when 81107 is divided by 471?
95
What is the remainder when 14822908 is divided by 21?
16
What is the remainder when 178735727 is divided by 10?
7
What is the remainder when 1301179 is divided by 13483?
6811
What is the remainder when 695086 is divided by 173707?
258
What is the remainder when 1688725 is divided by 1301?
27
Calculate the remainder when 2284188 is divided by 177.
3
Calculate the remainder when 729383 is divided by 182345.
3
Calculate the remainder when 6971820 is divided by 4333.
23
What is the remainder when 89277 is divided by 44385?
507
Calculate the remainder when 25265907 is divided by 14.
9
What is the remainder when 5843201 is divided by 88?
1
Calculate the remainder when 5462956 is divided by 62791.
139
Calculate the remainder when 914043 is divided by 456954.
135
Calculate the remainder when 16812522 is divided by 8406253.
16
What is the remainder when 124370183 is divided by 2135?
28
What is the remainder when 2314855 is divided by 410?
405
Calculate the remainder when 4472964 is divided by 2183.
2180
Calculate the remainder when 5663942 is divided by 2831886.
170
Calculate the remainder when 12949564 is divided by 6474764.
36
Calculate the remainder when 271627 is divided by 1936.
587
Calculate the remainder when 20472564 is divided by 41.
34
Calculate the remainder when 126948558 is divided by 1087.
2
What is the remainder when 96765 is divided by 24176?
61
What is the remainder when 2389867 is divided by 62890?
47
Calculate the remainder when 185731 is divided by 61285.
1876
What is the remainder when 5270989 is divided by 122579?
92
What is the remainder when 4209007 is divided by 1220?
7
What is the remainder when 1088217 is divided by 46?
41
What is the remainder when 8562330 is divided by 21?
0
Calculate the remainder when 9719259 is divided by 9.
6
Calculate the remainder when 42427886 is divided by 42.
32
What is the remainder when 7214301 is divided by 357?
45
Calculate the remainder when 20917333 is divided by 2350.
2333
What is the remainder when 104058 is divided by 227?
92
What is the remainder when 118424 is divided by 2632?
2616
What is the remainder when 6196496 is divided by 2195?
11
What is the remainder when 631517 is divided by 7?
5
Calculate the remainder when 56978006 is divided by 3100.
6
What is the remainder when 6821357 is divided by 49072?
349
What is the remainder when 755876 is divided by 233?
24
What is the remainder when 3010110 is divided by 1504693?
724
Calculate the remainder when 17064 is divided by 60.
24
Calculate the remainder when 16070756 is divided by 1167.
1166
Calculate the remainder when 1620005 is divided by 1619778.
227
Calculate the remainder when 147684 is divided by 72836.
2012
What is the remainder when 29252 is divided by 336?
20
Calculate the remainder when 982157 is divided by 196426.
27
Calculate the remainder when 2282728 is divided by 1701.
1687
Calculate the remainder when 300088 is divided by 2412.
1000
Calculate the remainder when 76782442 is divided by 19195610.
2
Calculate the remainder when 2977519 is divided by 2365.
2349
Calculate the remainder when 114184 is divided by 2.
0
Calculate the remainder when 8787806 is divided by 2074.
268
What is the remainder when 125752 is divided by 31433?
20
What is the remainder when 306472718 is divided by 2632?
6
What is the remainder when 4573192 is divided by 133?
120
Calculate the remainder when 12139874 is divided by 690.
14
Calculate the remainder when 980052 is divided by 2800.
52
What is the remainder when 468463 is divided by 3687?
214
Calculate the remainder when 38754639 is divided by 38.
35
Calculate the remainder when 2034632 is divided by 5494.
1852
Calculate the remainder when 250397766 is divided by 14.
10
Calculate the remainder when 409918 is divided by 854.
852
Calculate the remainder when 8651506 is divided by 208.
162
Calculate the remainder when 14405292 is divided by 231.
132
Calculate the remainder when 20723107 is divided by 221.
158
What is the remainder when 8699461 is divided by 483299?
79
Calculate the remainder when 1285887 is divided by 134.
23
Calculate the remainder when 20957103 is divided by 198.
189
What is the remainder when 1895401 is divided by 11?
2
What is the remainder when 208134 is divided by 6590?
3844
Calculate the remainder when 6103157 is divided by 1525781.
33
Calculate the remainder when 30806 is divided by 9791.
1433
What is the remainder when 813383 is divided by 12832?
4967
Calculate the remainder when 82648 is divided by 9163.
181
What is the remainder when 129492250 is divided by 16186528?
26
What is the remainder when 173659 is divided by 172948?
711
Calculate the remainder when 749427 is divided by 2457.
42
Calculate the remainder when 843270 is divided by 280946.
432
What is the remainder when 309313 is divided by 61847?
78
Calculate the remainder when 53267970 is divided by 3597.
3594
Calculate the remainder when 4155 is divided by 431.
276
Calculate the remainder when 405482 is divided by 232.
178
What is the remainder when 735853 is divided by 263?
242
What is the remainder when 815946 is divided by 163140?
246
Calculate the remainder when 1245154 is divided by 113155.
449
Calculate the remainder when 31346 is divided by 5210.
86
Calculate the remainder when 102073 is divided by 50211.
1651
Calculate the remainder when 132730578 is divided by 3067.
19
Calculate the remainder when 8103781 is divided by 100.
81
Calculate the remainder when 856865 is divided by 407.
130
Calculate the remainder when 1453220 is divided by 795.
755
Calculate the remainder when 4857017 is divided by 373612.
61
Calculate the remainder when 972521 is divided by 353.
6
What is the remainder when 1299787 is divided by 24?
19
Calculate the remainder when 206716 is divided by 131.
129
Calculate the remainder when 629062 is divided by 208840.
2542
What is the remainder when 4954683 is divided by 75?
33
What is the remainder when 36653529 is divided by 12217835?
24
Calculate the remainder when 367522 is divided by 11847.
265
Calculate the remainder when 3955445 is divided by 1702.
1699
What is the remainder when 886108 is divided by 61?
22
Calculate the remainder when 692574 is divided by 230798.
180
Calculate the remainder when 20710 is divided by 1272.
358
What is the remainder when 524841 is divided by 1118?
499
What is the remainder when 627975 is divided by 125594?
5
What is the remainder when 736908 is divided by 211?
96
What is the remainder when 21485551 is divided by 2992?
2991
What is the remainder when 12441782 is divided by 973?
31
Calculate the remainder when 881891 is divided by 1113.
395
What is the remainder when 1089 is divided by 737?
352
What is the remainder when 268938 is divided by 3491?
131
Calculate the remainder when 155675 is divided by 62.
55
What is the remainder when 5997344 is divided by 1499330?
24
What is the remainder when 13227893 is divided by 58?
7
What is the remainder when 5821520 is divided by 2714?
2704
Calculate the remainder when 26705752 is divided by 17.
10
What is the remainder when 254513407 is divided by 127256692?
23
What is the remainder when 127559545 is divided by 329?
323
What is the remainder when 75499 is divided by 613?
100
Calculate the remainder when 72888 is divided by 36411.
66
What is the remainder when 959590 is divided by 31984?
70
What is the remainder when 14860588 is divided by 291384?
4
Calculate the remainder when 5368981 is divided by 697.
687
What is the remainder when 18055 is divided by 2214?
343
Calculate the remainder when 3380463 is divided by 3525.
3513
What is the remainder when 41907007 is divided by 143?
142
Calculate the remainder when 27446 is divi